et o = -9 - -5. Let d be (-355)/((-84)/20 - o). Let u = d - 1106. Is u a prime number?
False
Let o(q) = q**3 + 2*q**2 - q - 1. Let r(v) = -4*v**3 - 40*v**2 + 19*v + 75. Let m(k) = -5*o(k) - r(k). Is m(25) prime?
False
Let z(q) = q**2 + 2*q. Let f be z(-3). Let j be (-2)/f + 66/(-18)*62. Let w = j + 407. Is w a composite number?
False
Let r = -305672 + 834903. Is r a prime number?
False
Let j(m) = m - 8. Let d be j(-12). Is (-8190)/d + 8 + 2/(-4) a prime number?
False
Let w(i) = 2*i**2 - 36*i + 2. Let g be w(18). Suppose 4*s = l - s + 13, -5*l + g*s = -50. Suppose l*m = 5*m + 9415. Is m a prime number?
False
Let p(n) = 2*n + 33. Let r be p(-15). Let s(h) = 4 + 2*h + 87*h**2 + 28*h**3 - 170*h**2 + 86*h**2. Is s(r) composite?
True
Suppose -1 = -a + 3. Suppose 7 = 4*l + d, 0 = l - 0*d - a*d - 6. Suppose 5543 - 639 = 4*g - l*n, -4904 = -4*g - 5*n. Is g a prime number?
False
Suppose 0 = -5*i + i - 4. Is 58/(1/i + (-209)/(-187)) a composite number?
True
Suppose 5*h - 5*a + 136 = h, 3*h + 102 = -a. Let p be (3 - (-1 + h/(-4)))*2. Let b(d) = -2*d**3 - 14*d**2 - 6*d + 11. Is b(p) prime?
True
Let k = 227 - 168. Suppose 2*c - 2243 = k. Is c composite?
False
Suppose 5*y - 5*s = 47 + 3, -3*y + 34 = -s. Let d(z) = 394*z + 243. Is d(y) a prime number?
False
Let x(p) = -p**3 - p**2 - p + 40. Let o be x(0). Let b = 28 - o. Is (4/(b/(-2217)))/1 composite?
False
Let c = 109 + -61. Let p = 48 - c. Suppose -k - 2*k - 4*m + 9769 = p, 9737 = 3*k - 4*m. Is k a composite number?
False
Suppose 0*t = 3*t - 15. Suppose 0 = 4*x + 8, -2*x = -3*f - t*x - 24. Is 14265/21 - f/(-21) a composite number?
True
Suppose -1438*k - 310289 = -1445*k. Is k a composite number?
True
Suppose 4*b = -2*t + 20, 5*t - b - 26 = -5*b. Suppose 615 + 2332 = o + 2*u, t*o + 3*u - 5897 = 0. Is o composite?
False
Let c(b) = 138*b**2 + 97*b - 117. Is c(32) composite?
False
Is ((-36)/(-27))/4 - 3733712/(-12) prime?
False
Let l = 6768 + 52297. Is 3/(l/29525 + -2) a prime number?
False
Suppose -5*n - 10*d + 213345 = -12*d, 213350 = 5*n - 3*d. Is n a prime number?
True
Let g be (-176793)/62*(31 - 1). Is (-25 - -5)/5 + g/(-3) prime?
False
Suppose y - 93302 = -a, -466520 = 95*y - 100*y - 3*a. Is y prime?
True
Let w = 391460 - 203491. Is w a prime number?
False
Let c = 10913 + 12222. Suppose 0 = 3*y - c - 18754. Is y prime?
True
Let j = 61 + -53. Let q(n) = 119*n - 27. Let v be q(j). Suppose v = 4*w + 3*f - 88, 0 = -3*f - 3. Is w composite?
True
Is (16/(-160)*-235)/((-2)/(-19444)) a composite number?
True
Let o(i) = 1030*i + 1297. Is o(42) a prime number?
False
Suppose 53 - 51 = r. Suppose -j - r*x - 3692 = -4*j, 0 = -2*x - 8. Let y = j - 729. Is y prime?
True
Is (-7)/(-28)*331058776/106 prime?
True
Let o(t) = 70*t**2 + 12. Let k be o(-6). Suppose -8*v + 2*v = -k. Is v a composite number?
True
Let u(n) = 1884*n - 1067. Is u(86) prime?
False
Suppose -5*t + 4*n - 454075 = -6*t, 4*t - 1816319 = 3*n. Is t prime?
True
Let m be (36/189*9)/((-2)/(-7)). Suppose -5756 = -m*a + 190. Is a a prime number?
True
Let c(j) = -575*j**2 - 32. Let n(a) = -1149*a**2 - 2*a - 65. Let v(g) = -13*c(g) + 6*n(g). Is v(3) composite?
True
Let v(h) = h**2 - 19*h - 15. Let m = -12 - -32. Let l be v(m). Suppose -1778 = -7*u + l*u. Is u a prime number?
False
Let z be -2 + 9/(-27)*-1611339. Suppose -34*p = -273755 - z. Is p a composite number?
True
Suppose -5*p = -5*f - 250, p - 2*f - 31 - 22 = 0. Is p a composite number?
False
Let q(d) = -3*d**3 + 10*d**2 + 34*d + 8. Let r(s) = 9*s**3 - 29*s**2 - 102*s - 27. Let a(p) = -7*q(p) - 2*r(p). Is a(9) a composite number?
False
Let p(b) = 5*b**2 - 3*b + 1. Let u be p(3). Let o(g) = 161*g - 18. Let c be o(3). Suppose 2*x - c = u. Is x a composite number?
False
Suppose 3*g + w - 9 - 73 = 0, -5*w + 74 = 3*g. Suppose 63894 = g*y - 96742. Is y a prime number?
True
Let b(m) = -m**2 - 6*m + 3. Let d be (-4)/6 - (520/(-15))/(-8). Let c be b(d). Suppose c*r = 1782 + 98. Is r composite?
True
Suppose 31981 + 135541 = 2*m. Is m composite?
False
Let l(x) = 1075*x**2 - 4*x - 1. Let q be l(2). Suppose -4*m = 4*p - 3980 - 13084, m - 4*p = q. Is m prime?
True
Let q(p) = 3*p + 13. Let i be q(-3). Let u be (49*6 - i) + -1. Suppose -2*d = -d - u. Is d prime?
False
Is (1 - 3)*22735/10*(-2 + 1) composite?
False
Let u = 1486602 - 394429. Is u prime?
True
Let h be 1486*4 - 0/(-47). Suppose h = 4*d - 0. Is d a composite number?
True
Let d(z) = -2436*z + 52. Let o be d(-6). Suppose 3*n - 7*w - o = -2*w, 5*n + 3*w - 24458 = 0. Is n a prime number?
False
Let s be (-12)/(-2) + -3 + 379. Let z(o) = o**3 - 19*o**2 + 5*o - 6. Let d be z(19). Suppose -l + s = d. Is l a composite number?
False
Let g = -61 - -73. Suppose 4*o = -g, p + o - 954 = 1974. Is p a prime number?
False
Let a be (-752320)/(-120) + 4/(-3). Suppose 0 = -0*l - 4*l + a. Is l a composite number?
False
Is (-430458)/(-16) + 225/(-360) a prime number?
True
Suppose 534537 = 301*d - 293*d - 277231. Is d composite?
True
Is (-206692)/(-7) + 387/(-903) prime?
True
Let c = -387 + 387. Suppose c = 39*z - 51*z + 37764. Is z a composite number?
True
Is ((-4)/(-30) + (-4695)/(-225))*6218/6 prime?
False
Let i(q) = -q**3 - 24*q**2 - 192*q + 180. Is i(-41) composite?
False
Suppose 0 = 7*h - 6*h + 4047. Is (-178*(-3)/18)/((-19)/h) a composite number?
True
Let w(h) = -h**3 - 12*h**2 - 13*h + 31. Let t be (-9 - 1)*-6*(-6)/30. Is w(t) prime?
False
Let o(v) = -554*v + 404. Let i be o(-6). Let x = i - -4773. Is x a prime number?
True
Suppose 24 = -4*o + c - 5*c, -4*c = 5*o + 33. Let r(x) = 55*x**2 - 15*x + 47. Is r(o) prime?
True
Let n = 78 + -73. Suppose -n*x + 7 = -28. Is (2/4)/(1*x/994) composite?
False
Is 14990/(-25)*(-2 + 273/(-6)) composite?
True
Let l(z) = 2*z**3 + 107*z**2 - 166*z - 125. Is l(-54) prime?
True
Let q(c) = -149*c + 7. Let p be (8/14)/(104/28 + -4). Let w be q(p). Let d = w - 166. Is d a composite number?
False
Suppose 582922 = 2*y + 2*b, 309661 - 1475553 = -4*y + 4*b. Is y a prime number?
False
Let l = 391 + -392. Is (-6000)/l - (-9 - -8) prime?
False
Let o = 12912 + -5726. Suppose 2*w = 3*i + o, -4*w + 14372 = -0*w - 2*i. Is w prime?
True
Let h(m) = m**3 + 9*m**2 - 12*m - 11. Suppose -y - 1 = -3, 0 = -4*w + 3*y - 38. Let s be h(w). Is (3*1)/(0 - (-1)/s) prime?
False
Suppose -148*t + 150*t + 48 = 0. Let i(o) = -o**3 + 36*o**2 + 35*o - 49. Is i(t) a composite number?
True
Let s be (-164822)/10 - 92/115. Let q = -6056 - s. Is q a prime number?
True
Suppose 2*p - 6 = -5*u - 2, 0 = 5*u. Is (p/(-8))/((-2)/54088) a composite number?
False
Let q = 357 + -313. Is q/(-594) + (-259175)/(-27) prime?
False
Suppose 0 = -4*m + 9663 - 331. Let n = m + -1414. Is n prime?
True
Suppose d = 4, v + 5*d = -3*v + 32. Suppose 0 = j + 4*n - 12, -4*j + n = 5*n - 24. Suppose v*r - 13363 = -j*r. Is r a prime number?
False
Let y(o) = -6*o**3 - 41*o**2 - 15*o + 10. Let s(i) = -11*i**3 - 80*i**2 - 31*i + 21. Let w(t) = 3*s(t) - 5*y(t). Is w(-14) prime?
True
Let r(o) = -285*o + 161. Is r(-22) a prime number?
False
Suppose -5*c = -3 + 23. Let s(u) = -398*u + 5. Let k be s(c). Let p = 2266 - k. Is p prime?
False
Suppose 4 = -13*s + 30. Suppose y = 3*y - 6, -1117 = -s*b - y. Is b composite?
False
Let z(y) = 2304*y + 65. Let m be z(-23). Let g = 79266 + m. Is g a composite number?
False
Let k = 28 + -23. Let h = k - -2. Suppose -h*r - 88 = -3609. Is r prime?
True
Let l be -5 + 18288 + 12 + -7. Suppose 0 = -27*y + 3717 + l. Is y a prime number?
False
Let s(d) = 287815*d**2 - 2. Is s(-1) composite?
False
Let r(a) = 907*a**2 - 7*a + 259. Is r(12) a composite number?
False
Let i(c) = 15*c**2 - 3*c - 2. Let w be 2/3 - (-24)/(-9). Let a be i(w). Is 0 + a + 6 + -3 a prime number?
True
Suppose -15 = -3*p - 9. Suppose p*y = -0*y + 10. Suppose 4*m - 4095 - 15882 = -y*b, 5*b - 5*m - 19995 = 0. Is b prime?
False
Is (1 - -5) + (49/(-28)*8 - -17134) a prime number?
False
Is ((-6 - -14)/8)/(-4*(-3)/389604) a composite number?
False
Let n(m) = m**3 - 16*m**2 - 33*m + 8. Let b be n(18). Suppose -320037 = -b*x + 117869. Is x composite?
True
Suppose 5*j = -2*t + 81, -2*j = -6*j - 2*t + 66. Suppose -v - 5 = -j. Is v composite?
True
Is 2 + 322162 - 16/(192/(-60)) a composite number?
False
Let k(a) = -22*a + 72. Let d be k(3). Suppose d*h - 4*h = 6310. Is h a composite number?
True
Let o = 23625 + -15206. Is o prim